 be 1 + -3 + (-4)/2. Let c = x + 4. Let f(k) = -4 - 3 + 1 + k. Give f(c).
-6
Let z(r) be the third derivative of r**4/12 - 2*r**3/3 - 11*r**2. Give z(-6).
-16
Let r(o) = -o**3 + 2*o**2 + 1. Let a(x) = x**3 - x**2. Let j(d) = -4*a(d) - r(d). Suppose 5*q - 4*u - 3 - 4 = 0, -5*q - 3*u - 14 = 0. What is j(q)?
4
Let z(k) = -2*k + 1. Let q be (6/15)/((-2)/(-10)). Let j(f) = 2*f**2 - f - 1. Let m be j(q). Suppose 0*c + h = -m*c + 7, -2*h + 4 = 0. Give z(c).
-1
Let g(c) = -c**2 + 7*c - 5. Suppose 0 = -4*a + x - 22, -2*x = 2*a - 0*x + 6. Let o = 9 + a. Calculate g(o).
7
Let g(v) = v**3 - 6*v**2 + 5*v + 4. Let r be g(5). Suppose -6 = -r*c + 2. Suppose -5 = 5*f, -c*q + q = -4*f. Let p(i) = -i**3 - 5*i**2 - 4*i + 2. Give p(q).
2
Let f = -1 + 4. Let y(d) = f*d - 1 - d - 4*d - d. What is y(-2)?
5
Let s(h) = 5*h**2 - 3*h - 65. Let d(i) = 3*i**2 - 2*i - 43. Let w(q) = -8*d(q) + 5*s(q). Determine w(0).
19
Let h(o) = -o + 1. Let u(c) be the third derivative of -c**4/4 + c**3 + 2*c**2. Let f(s) = 14*h(s) - 2*u(s). Suppose -g = -5, -a - 3*g = -2*a - 11. Give f(a).
-6
Let k(w) = -3*w + 6. Let q be k(3). Let c(v) = v**2 + 2*v + 2. Determine c(q).
5
Let l(b) = -6*b**3 - 2*b + 1. Suppose 4*p = 11*p - 7. What is l(p)?
-7
Let m(c) = c - 5. Let p(b) = 2*b - 11. Let f(d) = 7*m(d) - 3*p(d). Calculate f(3).
1
Let s be ((-5)/2)/(-5)*0. Let h = s + 4. Suppose 7 = 3*b + h*p - 16, -8 = 2*b - 2*p. Let r(j) = -5*j + 1. What is r(b)?
-4
Let z(x) be the second derivative of -x**5/20 - x**4/3 - x**3/6 + 3*x**2/2 + 56*x. Calculate z(-3).
-3
Let g(q) = -q**2 + 7*q + 2. Let d(b) = b**2 - 8*b - 3. Let v(s) = -4*d(s) - 5*g(s). Let h(k) = 2*k**2 + 5*k - 3. Let r be h(-4). Let p = -5 + r. Give v(p).
6
Let q(l) = -l**2 + 3*l + 3. Suppose -5*m - 35 - 45 = v, 5*v - 59 = 2*m. Let h = m + 21. Determine q(h).
-1
Suppose -2*g + 3 = g - l, 4*g - 5*l + 7 = 0. Let n(v) = 2 - 4*v - 2 - 2*v**g - 2. What is n(-2)?
-2
Suppose 3*v - 11 + 3 = -5*m, -4*v - 4*m = 0. Let p(w) be the first derivative of -w**4/4 - 4*w**3/3 + 5*w - 2. Calculate p(v).
5
Let m be 15/3*(-4)/10. Suppose 0 = 5*q - t - 14, 2*q + 5*t + 17 - 1 = 0. Let g(h) = -2 + 1 + q + 4*h. Give g(m).
-7
Let m(y) = -2*y + 4. Let q be (-2)/10 + (-22)/(-10). Let w be (-5)/6*-3*q. Let a = 10 - w. Give m(a).
-6
Let d be 5/(-3) + (-2)/6. Suppose -4*c = -2*c + 3*y, 0 = 2*y + 4. Let o(i) = -i**2 - c*i + i + i. Determine o(d).
-2
Let d(m) be the third derivative of m**6/120 - m**5/12 + 5*m**4/24 + m**3/3 + 5*m**2. Let i = -9 - -13. Give d(i).
6
Let k = -5 - -5. Let p be (2/6)/(5/15). Suppose k - p = -y. Let f(r) = -r**2 + 2*r. Determine f(y).
1
Let l(p) be the second derivative of p**3/2 + p**2/2 - 5*p. Give l(2).
7
Suppose 5*a - 16 = 9. Let n(c) be the third derivative of 2*c**2 + 0*c**3 + 0 + 0*c - 1/12*c**4. Determine n(a).
-10
Let l(v) = v**3 - 7*v**2 - 5. Let x = -22 - -29. Determine l(x).
-5
Let a(k) = -5*k + 2. Suppose 28 + 6 = 2*o + 4*p, 5*o - 25 = 2*p. Let f = o - 5. Determine a(f).
-8
Let m(k) = k + 11. Let l be m(-10). Let i(a) = 3 - a + 2 - l. What is i(2)?
2
Let l(d) = -d**2 - 5*d - 3. Let k(m) be the second derivative of m**3/6 - 4*m**2 + 10*m. Let g be k(5). Give l(g).
3
Let w(v) = 14*v**3 + 9*v**2 + 20*v - 8. Let q(r) = 5*r**3 + 3*r**2 + 7*r - 3. Let m(s) = -11*q(s) + 4*w(s). Let o be ((-5)/5)/((-2)/(-6)). Determine m(o).
-8
Suppose -4*g + 4*l = -8, 2*l = 6*l. Let c(x) be the first derivative of 1/2*x**g + 1 + 3*x. What is c(3)?
6
Let l(k) = -2*k - k + 0*k. Give l(-1).
3
Let n(k) = k**3 + 2*k**2 + 2*k - 10. Let d(g) = 0*g**2 + 3*g**2 - g - g**3 - 4*g**2 + 9. Let j(h) = -5*d(h) - 4*n(h). Calculate j(4).
-1
Let g = 6 - 5. Let m be 2/((2 - g) + -2). Let c(d) = -2 - 3 - 3*d + 6. Determine c(m).
7
Let f(n) = n - 3. Let b be f(8). Let x(r) be the second derivative of -r**5/60 + r**4/6 - r**2 + r. Let o(d) be the first derivative of x(d). Calculate o(b).
-5
Let a(z) = -3*z - 4. Let l = 3 + -6. Let h be a(l). Let s(x) = x**3 - 4*x**2 - 5*x. Give s(h).
0
Suppose f - 26 = -4*l, 2*f + l = -0*f + 24. Let c = -7 + f. Let p(i) = 2 + i**2 - 2*i - 2*i**3 + 3*i**c + i + 3*i**2. Give p(-4).
6
Let s(z) = 2*z + 2. Let w = 15 - 0. Let l be 69/15 + 6/w. Determine s(l).
12
Let p(q) = -q**2 + 2. Suppose 12 = 4*u, u = c + c + 7. Determine p(c).
-2
Let u(d) = -d**2 - 8*d - 5. Let i be u(-6). Let m(k) = 7*k - i*k + k**2 - 6*k. What is m(6)?
0
Let w(k) = -11*k**2 - k - 1. Let r be (3 + -2)/1 - 2. Calculate w(r).
-11
Let x(u) = 4*u - 5. Let j(m) = -m + 1. Suppose 0 = a + 2, -4*b + 2*a = 22 - 6. Let p(w) = b*j(w) - x(w). What is p(-5)?
-5
Let r(h) be the second derivative of h**4/12 + 5*h**3/6 - 2*h + 10. Determine r(-4).
-4
Let g be 16*(-1)/(-2)*-1. Let h = g + 5. Let c = 6 + h. Let r(b) = -4*b. Determine r(c).
-12
Let i(j) = j**3 - 6*j**2 + 10*j - 14. Let h(u) = -u**3 + 6*u**2 - 11*u + 15. Let f(y) = -5*h(y) - 6*i(y). Give f(6).
-21
Let n(z) = -15*z - 17. Let q(c) = -8*c - 9. Let x(b) = -6*n(b) + 11*q(b). Let u = 377 + -379. What is x(u)?
-1
Let g(r) be the first derivative of -r**2/2 - 7*r + 1. What is g(-6)?
-1
Suppose -k - 4*q + 19 = 0, -4*q + 13 = -3*k - 10. Let x(m) be the third derivative of -11*m**4/24 - 8*m**2. Determine x(k).
11
Let c(j) = -4 + 762*j**3 - 765*j**3 + 3 + j. Give c(-2).
21
Let p be (-7)/(-14) - (-3)/2. Let w(l) = 2*l**3 + l**2 - l - 2. Give w(p).
16
Let x be (-95)/(-20) - (-3)/(-4). Let q(u) = 3*u**2 + 4*u + 0*u - 3 - u**3 - x*u. Give q(3).
-3
Let u(t) be the third derivative of -t**5/60 + t**4/12 - t**3/6 - 3*t**2. Suppose 6*b + 30 = b. Let r = 9 + b. What is u(r)?
-4
Let u(l) be the first derivative of -l**4/4 + l**3/3 - l**2/2 - 8*l - 1. Suppose m = 12 + 5. Let s = 17 - m. What is u(s)?
-8
Let d(z) = -z**2 - 2*z + 1. Let w be 14/(-7) + -11 + -1. Let u be (-102)/(-42) + (-8)/w. Calculate d(u).
-14
Let l(a) = -5*a**2 + 33*a - 4. Let k(f) = f**2 - 8*f + 1. Let q(h) = -9*k(h) - 2*l(h). Let r be 2/4 - 22/4. Give q(r).
-6
Let t(i) = i**2. Let x = -41 + 40. Calculate t(x).
1
Let a(w) = 7*w**3 + 6*w**2 - 3*w + 1. Let j(g) = -g**3 - g**2. Let k(b) = a(b) + 6*j(b). What is k(2)?
3
Suppose 3*i + 3*x = -6, -5*x = -0*x. Let h be (-3 - -2)/(-1) - i. Let t(b) = -b**2 - h*b + 4*b - 2*b. Determine t(-3).
-6
Let s(u) = -41 + u**2 + 89 - 42 - 5*u. What is s(4)?
2
Let o = -202 - -204. Let c be 4 + (-3 + 2 - 0). Let u(m) = m - 3 + c*m - m. Give u(o).
3
Let a(s) = -s**3 - 2*s**2 - s + 3. Suppose 0 = -d - 3. Calculate a(d).
15
Let m(y) = 1 + y**2 - 6 + 3 - 3*y - 1. Calculate m(3).
-3
Let k(g) = 2*g**2 - 4*g - 3. Let c(d) = 6*d**2 - 11*d - 8. Let u(s) = 4*c(s) - 11*k(s). Give u(1).
3
Let r(v) = v**3 + 19*v**2 + 18*v + 3. Let d be r(-18). Let t(s) = -s**2 - 2*s + 4. Calculate t(d).
-11
Let a(q) = -2 + 0*q - 3*q - 1. Give a(3).
-12
Let x(b) = 3*b + 1. Let q be x(1). Let c be (4/(-3))/(q/(-6)). Let y be 1*(c - -1)*1. Let s(l) = 2*l**2 - 3*l - 1. Determine s(y).
8
Let y(h) = h**2 + 6*h + 1. Suppose 4*g + 14 + 30 = 0. Let i = g + 7. What is y(i)?
-7
Let h(v) be the second derivative of v**7/2520 - v**6/240 - v**5/60 - v**4/12 - 5*v. Let q(s) be the third derivative of h(s). Calculate q(4).
2
Let b(r) = -r - 1 + 2*r + 10*r**2 - 9*r**2 - 6*r**3. Give b(1).
-5
Let s(c) = -c. Let d(n) = 7*n + 1. Let x(f) = d(f) + 3*s(f). Let w = -19 + 20. Determine x(w).
5
Let h = -4 + 4. Let o(n) = -3*n**2 + 4. Let j(u) = -4*u**2 + 3. Let l(t) = 2*j(t) - 3*o(t). Calculate l(h).
-6
Let w = 61 - 60. Let y(b) = 3*b**2. Give y(w).
3
Let o(h) = -h - 5. Let n be -1 + (-5 - 4/(-2)). Calculate o(n).
-1
Let s(b) = 4*b - 3 + 0 + 0 + b**2. Let h = 19 - 23. Calculate s(h).
-3
Let a(o) be the first derivative of 1 + o + 2*o**2 - 2/3*o**3. Let c be (9/(-12))/((-2)/8). Give a(c).
-5
Let g(f) = 3*f + 3. Let k(m) = 2*m + 3. Let a be k(-3). Let q = a - -5. Suppose 4*b = 2*s - 16, -3*b = q*s + 2*s + 23. Give g(s).
-3
Let t(o) = -o**2 - 3. Suppose 3*i + i - 28 = 0. Suppose -i*v = -2*v. Determine t(v).
-3
Let o(s) = -15*s + 2. Let c = 2 - 0. Let z be o(c). Let a be z/(-6) + 5/15. Let k(i) = -i. Calculate k(a).
-5
Suppose 2*h = h. Let t be (-2 - 15/(-6))*h. Let k(j) = -j**2 - 1. Let b(o) = -7*o**2 - o + 1. Let i(q) = b(q) - 6*k(q). Calculate i(t).
7
Let j be (-2)/(-2)*(-2 - -5). Let y be 2/(-6) - (-31)/j. Let z be 4/6 + y/3. Let m(k) = -k**2 + 6*k - 3. What is m(z)?
5
Suppose c = 2*x - 5 + 3, -5*x + c + 5 